en 111371 is divided by 36.
23
What is the remainder when 413 is divided by 64?
29
Calculate the remainder when 62729 is divided by 15626.
225
What is the remainder when 57586 is divided by 112?
18
What is the remainder when 2684227 is divided by 1483?
1480
Calculate the remainder when 28219 is divided by 28190.
29
Calculate the remainder when 914 is divided by 163.
99
What is the remainder when 13850 is divided by 630?
620
Calculate the remainder when 53925 is divided by 111.
90
What is the remainder when 17683 is divided by 33?
28
Calculate the remainder when 1275568 is divided by 45.
43
What is the remainder when 1646 is divided by 518?
92
Calculate the remainder when 1063538 is divided by 1447.
1440
Calculate the remainder when 13622 is divided by 481.
154
Calculate the remainder when 63036 is divided by 169.
168
What is the remainder when 7237 is divided by 207?
199
What is the remainder when 33956 is divided by 30?
26
What is the remainder when 3663 is divided by 172?
51
What is the remainder when 1612 is divided by 465?
217
What is the remainder when 17171 is divided by 106?
105
Calculate the remainder when 1224 is divided by 307.
303
What is the remainder when 625 is divided by 143?
53
What is the remainder when 80879 is divided by 8986?
5
What is the remainder when 73014 is divided by 12168?
6
What is the remainder when 1884 is divided by 709?
466
Calculate the remainder when 12194904 is divided by 149.
148
What is the remainder when 2913 is divided by 38?
25
Calculate the remainder when 7507 is divided by 3.
1
What is the remainder when 26284 is divided by 20?
4
Calculate the remainder when 39742 is divided by 153.
115
What is the remainder when 75993 is divided by 539?
533
Calculate the remainder when 770 is divided by 588.
182
Calculate the remainder when 28738 is divided by 4614.
1054
Calculate the remainder when 1501 is divided by 422.
235
Calculate the remainder when 128693 is divided by 25736.
13
What is the remainder when 2594591 is divided by 594?
593
What is the remainder when 7832 is divided by 339?
35
Calculate the remainder when 1535839 is divided by 662.
661
Calculate the remainder when 10293 is divided by 933.
30
What is the remainder when 95314 is divided by 30?
4
Calculate the remainder when 66312 is divided by 829.
821
What is the remainder when 129835 is divided by 13?
4
What is the remainder when 259289 is divided by 6?
5
Calculate the remainder when 54381 is divided by 119.
117
Calculate the remainder when 136258 is divided by 39.
31
What is the remainder when 12711 is divided by 6322?
67
Calculate the remainder when 12684 is divided by 122.
118
Calculate the remainder when 16792 is divided by 8345.
102
What is the remainder when 41747 is divided by 13612?
911
What is the remainder when 5537 is divided by 232?
201
What is the remainder when 13947 is divided by 186?
183
Calculate the remainder when 20766 is divided by 67.
63
Calculate the remainder when 32397 is divided by 3.
0
Calculate the remainder when 3700 is divided by 842.
332
Calculate the remainder when 471986 is divided by 15.
11
Calculate the remainder when 32646 is divided by 29.
21
Calculate the remainder when 273813 is divided by 9.
6
Calculate the remainder when 422746 is divided by 95.
91
What is the remainder when 194761 is divided by 39?
34
What is the remainder when 13198 is divided by 1811?
521
Calculate the remainder when 339 is divided by 16.
3
Calculate the remainder when 10194 is divided by 163.
88
Calculate the remainder when 153669 is divided by 76.
73
What is the remainder when 502086 is divided by 240?
6
Calculate the remainder when 39084 is divided by 114.
96
What is the remainder when 3361 is divided by 5?
1
What is the remainder when 47005 is divided by 23048?
909
What is the remainder when 63179 is divided by 45?
44
What is the remainder when 243998 is divided by 50?
48
Calculate the remainder when 163388 is divided by 46.
42
What is the remainder when 11618 is divided by 430?
8
Calculate the remainder when 7308 is divided by 1214.
24
Calculate the remainder when 73695 is divided by 444.
435
Calculate the remainder when 1862 is divided by 177.
92
What is the remainder when 169505 is divided by 16950?
5
Calculate the remainder when 3609 is divided by 361.
360
What is the remainder when 388365 is divided by 11?
10
What is the remainder when 59067 is divided by 160?
27
What is the remainder when 1707899 is divided by 30?
29
What is the remainder when 12235 is divided by 342?
265
What is the remainder when 3341 is divided by 667?
6
Calculate the remainder when 4593001 is divided by 86.
85
Calculate the remainder when 1468467 is divided by 10.
7
What is the remainder when 623 is divided by 356?
267
What is the remainder when 70160 is divided by 59?
9
Calculate the remainder when 107916 is divided by 26952.
108
Calculate the remainder when 71573 is divided by 25.
23
Calculate the remainder when 10776 is divided by 3565.
81
What is the remainder when 4478 is divided by 2232?
14
What is the remainder when 6097 is divided by 1462?
249
Calculate the remainder when 761 is divided by 40.
1
What is the remainder when 4459 is divided by 62?
57
What is the remainder when 2203 is divided by 1051?
101
What is the remainder when 2956 is divided by 57?
49
What is the remainder when 408862 is divided by 136286?
4
What is the remainder when 25889 is divided by 439?
427
Calculate the remainder when 29935 is divided by 287.
87
What is the remainder when 431317 is divided by 57?
55
Calculate the remainder when 3216 is divided by 1439.
338
What is the remainder when 94540 is divided by 44?
28
Calculate the remainder when 36165 is divided by 132.
129
What is the remainder when 35839 is divided by 80?
79
Calculate the remainder when 12216 is divided by 61.
16
What is the remainder when 494493 is divided by 70641?
6
Calculate the remainder when 519048 is divided by 50.
48
Calculate the remainder when 10405 is divided by 2251.
1401
What is the remainder when 9946 is divided by 58?
28
Calculate the remainder when 35031 is divided by 11657.
60
Calculate the remainder when 2094 is divided by 415.
19
Calculate the remainder when 7620 is divided by 904.
388
What is the remainder when 16586 is divided by 615?
596
What is the remainder when 2558 is divided by 714?
416
What is the remainder when 4081 is divided by 1858?
365
Calculate the remainder when 19086 is divided by 35.
11
Calculate the remainder when 33445 is divided by 3700.
145
Calculate the remainder when 12736 is divided by 410.
26
What is the remainder when 608 is divided by 468?
140
Calculate the remainder when 334387 is divided by 1900.
1887
Calculate the remainder when 45837 is divided by 19.
9
What is the remainder when 22537 is divided by 410?
397
Calculate the remainder when 10929 is divided by 175.
79
Calculate the remainder when 144485 is divided by 726.
11
What is the remainder when 169878 is divided by 20?
18
Calculate the remainder when 10994 is divided by 169.
9
Calculate the remainder when 26414 is divided by 562.
0
What is the remainder when 192460 is divided by 38490?
10
What is the remainder when 763 is divided by 127?
1
Calculate the remainder when 2137 is divided by 86.
73
What is the remainder when 19376 is divided by 2150?
26
What is the remainder when 1355 is divided by 149?
14
What is the remainder when 15172 is divided by 1025?
822
Calculate the remainder when 9239 is divided by 4615.
9
Calculate the remainder when 162711 is divided by 222.
207
Calculate the remainder when 227581 is divided by 113.
112
What is the remainder when 1083 is divided by 57?
0
What is the remainder when 27009 is divided by 827?
545
Calculate the remainder when 10158 is divided by 1126.
24
What is the remainder when 58694 is divided by 659?
43
Calculate the remainder when 2136 is divided by 48.
24
Calculate the remainder when 40371 is divided by 154.
23
What is the remainder when 509571 is divided by 6?
3
Calculate the remainder when 64566 is divided by 7174.
0
Calculate the remainder when 5223 is divided by 1244.
247
Calculate the remainder when 4976 is divided by 20.
16
What is the remainder when 1985 is divided by 168?
137
Calculate the remainder when 250488 is divided by 10.
8
What is the remainder wh